1822 is divided by 866?
90
What is the remainder when 2514 is divided by 2220?
294
Calculate the remainder when 33896 is divided by 4841.
9
Calculate the remainder when 24149 is divided by 371.
34
What is the remainder when 2073 is divided by 174?
159
What is the remainder when 26730 is divided by 111?
90
Calculate the remainder when 95353 is divided by 31784.
1
What is the remainder when 1520 is divided by 228?
152
Calculate the remainder when 24169 is divided by 7.
5
Calculate the remainder when 2584 is divided by 53.
40
Calculate the remainder when 2243 is divided by 370.
23
What is the remainder when 2487 is divided by 260?
147
Calculate the remainder when 45850 is divided by 22897.
56
What is the remainder when 26452 is divided by 434?
412
What is the remainder when 1239 is divided by 38?
23
What is the remainder when 70861 is divided by 129?
40
What is the remainder when 8867 is divided by 143?
1
Calculate the remainder when 40771 is divided by 10192.
3
Calculate the remainder when 150949 is divided by 199.
107
What is the remainder when 1219 is divided by 137?
123
Calculate the remainder when 1430 is divided by 30.
20
What is the remainder when 1019703 is divided by 229?
195
What is the remainder when 13220 is divided by 49?
39
Calculate the remainder when 17600 is divided by 320.
0
What is the remainder when 6489 is divided by 55?
54
What is the remainder when 271222 is divided by 67804?
6
Calculate the remainder when 52304 is divided by 872.
856
What is the remainder when 212998 is divided by 284?
282
Calculate the remainder when 1588470 is divided by 388.
386
Calculate the remainder when 106184 is divided by 357.
155
Calculate the remainder when 3484 is divided by 273.
208
Calculate the remainder when 6688 is divided by 1065.
298
Calculate the remainder when 25090 is divided by 211.
192
What is the remainder when 27052 is divided by 8?
4
Calculate the remainder when 1995 is divided by 54.
51
What is the remainder when 43969 is divided by 2586?
7
Calculate the remainder when 22507 is divided by 2435.
592
What is the remainder when 23547 is divided by 310?
297
Calculate the remainder when 5105 is divided by 117.
74
What is the remainder when 2562 is divided by 102?
12
What is the remainder when 126015 is divided by 4667?
6
Calculate the remainder when 13303 is divided by 114.
79
Calculate the remainder when 10303 is divided by 33.
7
Calculate the remainder when 41878 is divided by 2071.
458
Calculate the remainder when 16800 is divided by 299.
56
What is the remainder when 1740207 is divided by 430?
427
Calculate the remainder when 1916 is divided by 392.
348
What is the remainder when 21343 is divided by 10664?
15
What is the remainder when 1013914 is divided by 59641?
17
What is the remainder when 12487 is divided by 131?
42
Calculate the remainder when 192657 is divided by 130.
127
Calculate the remainder when 896 is divided by 545.
351
Calculate the remainder when 348148 is divided by 32.
20
Calculate the remainder when 208274 is divided by 19.
15
What is the remainder when 170598 is divided by 78?
12
Calculate the remainder when 11718 is divided by 1217.
765
Calculate the remainder when 13268 is divided by 771.
161
Calculate the remainder when 1655167 is divided by 7.
3
What is the remainder when 965 is divided by 2?
1
What is the remainder when 169591 is divided by 640?
631
What is the remainder when 56740 is divided by 692?
688
Calculate the remainder when 5031 is divided by 1453.
672
Calculate the remainder when 11974 is divided by 1196.
14
What is the remainder when 122276 is divided by 208?
180
Calculate the remainder when 7862 is divided by 28.
22
What is the remainder when 17013 is divided by 1889?
12
Calculate the remainder when 93709 is divided by 64.
13
What is the remainder when 626215 is divided by 710?
705
What is the remainder when 25013 is divided by 22?
21
Calculate the remainder when 4557 is divided by 95.
92
Calculate the remainder when 954 is divided by 160.
154
Calculate the remainder when 2669 is divided by 354.
191
Calculate the remainder when 1466 is divided by 45.
26
Calculate the remainder when 135973 is divided by 330.
13
What is the remainder when 6459 is divided by 591?
549
What is the remainder when 128543 is divided by 26?
25
What is the remainder when 3367 is divided by 1008?
343
What is the remainder when 9937 is divided by 155?
17
Calculate the remainder when 23479 is divided by 1136.
759
Calculate the remainder when 33461 is divided by 33452.
9
Calculate the remainder when 12279 is divided by 2386.
349
Calculate the remainder when 3125 is divided by 2.
1
What is the remainder when 1146 is divided by 150?
96
What is the remainder when 33588 is divided by 18?
0
Calculate the remainder when 401964 is divided by 23641.
67
Calculate the remainder when 861488 is divided by 697.
693
Calculate the remainder when 78178 is divided by 242.
12
Calculate the remainder when 477162 is divided by 416.
10
What is the remainder when 6597 is divided by 1644?
21
Calculate the remainder when 3182 is divided by 1562.
58
Calculate the remainder when 8415 is divided by 126.
99
Calculate the remainder when 1013378 is divided by 168896.
2
What is the remainder when 27054 is divided by 183?
153
Calculate the remainder when 10710 is divided by 13.
11
Calculate the remainder when 273544 is divided by 108.
88
Calculate the remainder when 15143 is divided by 5045.
8
Calculate the remainder when 7296 is divided by 2.
0
Calculate the remainder when 205865 is divided by 89.
8
Calculate the remainder when 118676 is divided by 686.
684
What is the remainder when 36725 is divided by 64?
53
Calculate the remainder when 28449 is divided by 50.
49
Calculate the remainder when 921 is divided by 96.
57
What is the remainder when 328 is divided by 75?
28
What is the remainder when 41213 is divided by 312?
29
What is the remainder when 66638 is divided by 818?
380
What is the remainder when 9915 is divided by 571?
208
Calculate the remainder when 10733 is divided by 3441.
410
What is the remainder when 2506 is divided by 451?
251
Calculate the remainder when 3657 is divided by 59.
58
What is the remainder when 34896 is divided by 367?
31
What is the remainder when 5086 is divided by 1694?
4
What is the remainder when 981195 is divided by 302?
299
What is the remainder when 69544 is divided by 23180?
4
What is the remainder when 6182 is divided by 30?
2
Calculate the remainder when 248 is divided by 20.
8
Calculate the remainder when 12625 is divided by 25.
0
Calculate the remainder when 9241 is divided by 2832.
745
What is the remainder when 208991 is divided by 48?
47
What is the remainder when 37547 is divided by 2887?
16
Calculate the remainder when 3159 is divided by 106.
85
Calculate the remainder when 3997 is divided by 238.
189
Calculate the remainder when 16872 is divided by 5601.
69
What is the remainder when 377250 is divided by 41?
9
What is the remainder when 596 is divided by 109?
51
What is the remainder when 3207 is divided by 1024?
135
What is the remainder when 10690 is divided by 1173?
133
Calculate the remainder when 175434 is divided by 58431.
141
Calculate the remainder when 1846023 is divided by 91.
88
What is the remainder when 27203 is divided by 84?
71
What is the remainder when 3467917 is divided by 21?
19
Calculate the remainder when 27640 is divided by 131.
130
Calculate the remainder when 10205 is divided by 162.
161
Calculate the remainder when 588977 is divided by 74.
11
What is the remainder when 399507 is divided by 133152?
51
Calculate the remainder when 3946 is divided by 144.
58
What is the remainder when 3983 is divided by 1317?
32
What is the remainder when 6515 is divided by 88?
3
Calculate the remainder when 19135 is divided by 4775.
35
What is the remainder when 2681522 is divided by 533?
532
Calculate the remainder when 1816787 is divided by 17.
14
Calculate the remainder when 4401 is divided by 1786.
829
Calculate the remainder when 12789 is divided by 50.
39
Calculate the remainder when 380584 is divided by 26.
22
What is the remainder when 3149351 is divided by 612?
611
What is the remainder when 11990 is divided by 24?
14
Calculate the remainder when 31333 is divided by 107.
89
What is the 